{"id":6265,"date":"2021-09-30T21:15:40","date_gmt":"2021-09-30T20:15:40","guid":{"rendered":"http:\/\/www.klubduchodcukh.cz\/wp-content\/uploads\/2021\/09\/7.9.2021-prochazka-Parky-v-Kutne-Hore-1-17.jpg"},"modified":"2021-09-30T21:15:40","modified_gmt":"2021-09-30T20:15:40","slug":"7-9-2021-prochazka-parky-v-kutne-hore-1-17","status":"inherit","type":"attachment","link":"https:\/\/www.klubduchodcukh.cz\/?attachment_id=6265","title":{"rendered":"7.9.2021 proch\u00e1zka Parky v Kutn\u00e9 Ho\u0159e 1 (17)"},"author":1,"featured_media":0,"comment_status":"open","ping_status":"closed","template":"","meta":[],"class_list":["post-6265","attachment","type-attachment","status-inherit","hentry"],"description":{"rendered":"<p class=\"attachment\"><a href='https:\/\/www.klubduchodcukh.cz\/wp-content\/uploads\/2021\/09\/7.9.2021-prochazka-Parky-v-Kutne-Hore-1-17-scaled.jpg'><img loading=\"lazy\" decoding=\"async\" width=\"300\" height=\"225\" src=\"https:\/\/www.klubduchodcukh.cz\/wp-content\/uploads\/2021\/09\/7.9.2021-prochazka-Parky-v-Kutne-Hore-1-17-300x225.jpg\" class=\"attachment-medium size-medium\" alt=\"\" srcset=\"https:\/\/www.klubduchodcukh.cz\/wp-content\/uploads\/2021\/09\/7.9.2021-prochazka-Parky-v-Kutne-Hore-1-17-300x225.jpg 300w, https:\/\/www.klubduchodcukh.cz\/wp-content\/uploads\/2021\/09\/7.9.2021-prochazka-Parky-v-Kutne-Hore-1-17-1024x768.jpg 1024w, https:\/\/www.klubduchodcukh.cz\/wp-content\/uploads\/2021\/09\/7.9.2021-prochazka-Parky-v-Kutne-Hore-1-17-768x576.jpg 768w, https:\/\/www.klubduchodcukh.cz\/wp-content\/uploads\/2021\/09\/7.9.2021-prochazka-Parky-v-Kutne-Hore-1-17-1536x1152.jpg 1536w, https:\/\/www.klubduchodcukh.cz\/wp-content\/uploads\/2021\/09\/7.9.2021-prochazka-Parky-v-Kutne-Hore-1-17-2048x1536.jpg 2048w, https:\/\/www.klubduchodcukh.cz\/wp-content\/uploads\/2021\/09\/7.9.2021-prochazka-Parky-v-Kutne-Hore-1-17-190x143.jpg 190w, https:\/\/www.klubduchodcukh.cz\/wp-content\/uploads\/2021\/09\/7.9.2021-prochazka-Parky-v-Kutne-Hore-1-17-60x45.jpg 60w, https:\/\/www.klubduchodcukh.cz\/wp-content\/uploads\/2021\/09\/7.9.2021-prochazka-Parky-v-Kutne-Hore-1-17-400x300.jpg 400w\" sizes=\"auto, (max-width: 300px) 100vw, 300px\" \/><\/a><\/p>\n"},"caption":{"rendered":""},"alt_text":"","media_type":"image","mime_type":"image\/jpeg","media_details":{"width":2560,"height":1920,"file":"2021\/09\/7.9.2021-prochazka-Parky-v-Kutne-Hore-1-17-scaled.jpg","sizes":{"medium":{"file":"7.9.2021-prochazka-Parky-v-Kutne-Hore-1-17-300x225.jpg","width":300,"height":225,"mime_type":"image\/jpeg","source_url":"https:\/\/www.klubduchodcukh.cz\/wp-content\/uploads\/2021\/09\/7.9.2021-prochazka-Parky-v-Kutne-Hore-1-17-300x225.jpg"},"large":{"file":"7.9.2021-prochazka-Parky-v-Kutne-Hore-1-17-1024x768.jpg","width":1024,"height":768,"mime_type":"image\/jpeg","source_url":"https:\/\/www.klubduchodcukh.cz\/wp-content\/uploads\/2021\/09\/7.9.2021-prochazka-Parky-v-Kutne-Hore-1-17-1024x768.jpg"},"thumbnail":{"file":"7.9.2021-prochazka-Parky-v-Kutne-Hore-1-17-150x150.jpg","width":150,"height":150,"mime_type":"image\/jpeg","source_url":"https:\/\/www.klubduchodcukh.cz\/wp-content\/uploads\/2021\/09\/7.9.2021-prochazka-Parky-v-Kutne-Hore-1-17-150x150.jpg"},"medium_large":{"file":"7.9.2021-prochazka-Parky-v-Kutne-Hore-1-17-768x576.jpg","width":768,"height":576,"mime_type":"image\/jpeg","source_url":"https:\/\/www.klubduchodcukh.cz\/wp-content\/uploads\/2021\/09\/7.9.2021-prochazka-Parky-v-Kutne-Hore-1-17-768x576.jpg"},"1536x1536":{"file":"7.9.2021-prochazka-Parky-v-Kutne-Hore-1-17-1536x1152.jpg","width":1536,"height":1152,"mime_type":"image\/jpeg","source_url":"https:\/\/www.klubduchodcukh.cz\/wp-content\/uploads\/2021\/09\/7.9.2021-prochazka-Parky-v-Kutne-Hore-1-17-1536x1152.jpg"},"2048x2048":{"file":"7.9.2021-prochazka-Parky-v-Kutne-Hore-1-17-2048x1536.jpg","width":2048,"height":1536,"mime_type":"image\/jpeg","source_url":"https:\/\/www.klubduchodcukh.cz\/wp-content\/uploads\/2021\/09\/7.9.2021-prochazka-Parky-v-Kutne-Hore-1-17-2048x1536.jpg"},"post-thumbnail":{"file":"7.9.2021-prochazka-Parky-v-Kutne-Hore-1-17-190x143.jpg","width":190,"height":143,"mime_type":"image\/jpeg","source_url":"https:\/\/www.klubduchodcukh.cz\/wp-content\/uploads\/2021\/09\/7.9.2021-prochazka-Parky-v-Kutne-Hore-1-17-190x143.jpg"},"widget-thumbnail":{"file":"7.9.2021-prochazka-Parky-v-Kutne-Hore-1-17-60x45.jpg","width":60,"height":45,"mime_type":"image\/jpeg","source_url":"https:\/\/www.klubduchodcukh.cz\/wp-content\/uploads\/2021\/09\/7.9.2021-prochazka-Parky-v-Kutne-Hore-1-17-60x45.jpg"},"feature-thumbnail":{"file":"7.9.2021-prochazka-Parky-v-Kutne-Hore-1-17-400x300.jpg","width":400,"height":300,"mime_type":"image\/jpeg","source_url":"https:\/\/www.klubduchodcukh.cz\/wp-content\/uploads\/2021\/09\/7.9.2021-prochazka-Parky-v-Kutne-Hore-1-17-400x300.jpg"},"full":{"file":"7.9.2021-prochazka-Parky-v-Kutne-Hore-1-17-scaled.jpg","width":2560,"height":1920,"mime_type":"image\/jpeg","source_url":"https:\/\/www.klubduchodcukh.cz\/wp-content\/uploads\/2021\/09\/7.9.2021-prochazka-Parky-v-Kutne-Hore-1-17-scaled.jpg"}},"image_meta":{"aperture":"8","credit":"","camera":"EX-ZS10","caption":"","created_timestamp":"1631030683","copyright":"","focal_length":"4.6","iso":"100","shutter_speed":"0.01","title":"","orientation":"1","keywords":[]},"original_image":"7.9.2021-prochazka-Parky-v-Kutne-Hore-1-17.jpg"},"post":6258,"source_url":"https:\/\/www.klubduchodcukh.cz\/wp-content\/uploads\/2021\/09\/7.9.2021-prochazka-Parky-v-Kutne-Hore-1-17-scaled.jpg","_links":{"self":[{"href":"https:\/\/www.klubduchodcukh.cz\/index.php?rest_route=\/wp\/v2\/media\/6265","targetHints":{"allow":["GET"]}}],"collection":[{"href":"https:\/\/www.klubduchodcukh.cz\/index.php?rest_route=\/wp\/v2\/media"}],"about":[{"href":"https:\/\/www.klubduchodcukh.cz\/index.php?rest_route=\/wp\/v2\/types\/attachment"}],"author":[{"embeddable":true,"href":"https:\/\/www.klubduchodcukh.cz\/index.php?rest_route=\/wp\/v2\/users\/1"}],"replies":[{"embeddable":true,"href":"https:\/\/www.klubduchodcukh.cz\/index.php?rest_route=%2Fwp%2Fv2%2Fcomments&post=6265"}]}}

7.9.2021 procházka Parky v Kutné Hoře 1 (17)
