{"id":6259,"date":"2021-09-30T21:14:40","date_gmt":"2021-09-30T20:14:40","guid":{"rendered":"http:\/\/www.klubduchodcukh.cz\/wp-content\/uploads\/2021\/09\/7.9.2021-prochazka-Parky-v-Kutne-Hore-1-2.jpg"},"modified":"2021-09-30T21:14:40","modified_gmt":"2021-09-30T20:14:40","slug":"7-9-2021-prochazka-parky-v-kutne-hore-1-2","status":"inherit","type":"attachment","link":"https:\/\/www.klubduchodcukh.cz\/?attachment_id=6259","title":{"rendered":"7.9.2021 proch\u00e1zka Parky v Kutn\u00e9 Ho\u0159e 1 (2)"},"author":1,"featured_media":0,"comment_status":"open","ping_status":"closed","template":"","meta":[],"class_list":["post-6259","attachment","type-attachment","status-inherit","hentry"],"description":{"rendered":"<p class=\"attachment\"><a href='https:\/\/www.klubduchodcukh.cz\/wp-content\/uploads\/2021\/09\/7.9.2021-prochazka-Parky-v-Kutne-Hore-1-2-scaled.jpg'><img loading=\"lazy\" decoding=\"async\" width=\"300\" height=\"180\" src=\"https:\/\/www.klubduchodcukh.cz\/wp-content\/uploads\/2021\/09\/7.9.2021-prochazka-Parky-v-Kutne-Hore-1-2-300x180.jpg\" class=\"attachment-medium size-medium\" alt=\"\" srcset=\"https:\/\/www.klubduchodcukh.cz\/wp-content\/uploads\/2021\/09\/7.9.2021-prochazka-Parky-v-Kutne-Hore-1-2-300x180.jpg 300w, https:\/\/www.klubduchodcukh.cz\/wp-content\/uploads\/2021\/09\/7.9.2021-prochazka-Parky-v-Kutne-Hore-1-2-1024x613.jpg 1024w, https:\/\/www.klubduchodcukh.cz\/wp-content\/uploads\/2021\/09\/7.9.2021-prochazka-Parky-v-Kutne-Hore-1-2-768x460.jpg 768w, https:\/\/www.klubduchodcukh.cz\/wp-content\/uploads\/2021\/09\/7.9.2021-prochazka-Parky-v-Kutne-Hore-1-2-1536x919.jpg 1536w, https:\/\/www.klubduchodcukh.cz\/wp-content\/uploads\/2021\/09\/7.9.2021-prochazka-Parky-v-Kutne-Hore-1-2-2048x1226.jpg 2048w, https:\/\/www.klubduchodcukh.cz\/wp-content\/uploads\/2021\/09\/7.9.2021-prochazka-Parky-v-Kutne-Hore-1-2-190x114.jpg 190w, https:\/\/www.klubduchodcukh.cz\/wp-content\/uploads\/2021\/09\/7.9.2021-prochazka-Parky-v-Kutne-Hore-1-2-60x36.jpg 60w, https:\/\/www.klubduchodcukh.cz\/wp-content\/uploads\/2021\/09\/7.9.2021-prochazka-Parky-v-Kutne-Hore-1-2-400x239.jpg 400w\" sizes=\"auto, (max-width: 300px) 100vw, 300px\" \/><\/a><\/p>\n"},"caption":{"rendered":""},"alt_text":"","media_type":"image","mime_type":"image\/jpeg","media_details":{"width":2560,"height":1532,"file":"2021\/09\/7.9.2021-prochazka-Parky-v-Kutne-Hore-1-2-scaled.jpg","sizes":{"medium":{"file":"7.9.2021-prochazka-Parky-v-Kutne-Hore-1-2-300x180.jpg","width":300,"height":180,"mime_type":"image\/jpeg","source_url":"https:\/\/www.klubduchodcukh.cz\/wp-content\/uploads\/2021\/09\/7.9.2021-prochazka-Parky-v-Kutne-Hore-1-2-300x180.jpg"},"large":{"file":"7.9.2021-prochazka-Parky-v-Kutne-Hore-1-2-1024x613.jpg","width":1024,"height":613,"mime_type":"image\/jpeg","source_url":"https:\/\/www.klubduchodcukh.cz\/wp-content\/uploads\/2021\/09\/7.9.2021-prochazka-Parky-v-Kutne-Hore-1-2-1024x613.jpg"},"thumbnail":{"file":"7.9.2021-prochazka-Parky-v-Kutne-Hore-1-2-150x150.jpg","width":150,"height":150,"mime_type":"image\/jpeg","source_url":"https:\/\/www.klubduchodcukh.cz\/wp-content\/uploads\/2021\/09\/7.9.2021-prochazka-Parky-v-Kutne-Hore-1-2-150x150.jpg"},"medium_large":{"file":"7.9.2021-prochazka-Parky-v-Kutne-Hore-1-2-768x460.jpg","width":768,"height":460,"mime_type":"image\/jpeg","source_url":"https:\/\/www.klubduchodcukh.cz\/wp-content\/uploads\/2021\/09\/7.9.2021-prochazka-Parky-v-Kutne-Hore-1-2-768x460.jpg"},"1536x1536":{"file":"7.9.2021-prochazka-Parky-v-Kutne-Hore-1-2-1536x919.jpg","width":1536,"height":919,"mime_type":"image\/jpeg","source_url":"https:\/\/www.klubduchodcukh.cz\/wp-content\/uploads\/2021\/09\/7.9.2021-prochazka-Parky-v-Kutne-Hore-1-2-1536x919.jpg"},"2048x2048":{"file":"7.9.2021-prochazka-Parky-v-Kutne-Hore-1-2-2048x1226.jpg","width":2048,"height":1226,"mime_type":"image\/jpeg","source_url":"https:\/\/www.klubduchodcukh.cz\/wp-content\/uploads\/2021\/09\/7.9.2021-prochazka-Parky-v-Kutne-Hore-1-2-2048x1226.jpg"},"post-thumbnail":{"file":"7.9.2021-prochazka-Parky-v-Kutne-Hore-1-2-190x114.jpg","width":190,"height":114,"mime_type":"image\/jpeg","source_url":"https:\/\/www.klubduchodcukh.cz\/wp-content\/uploads\/2021\/09\/7.9.2021-prochazka-Parky-v-Kutne-Hore-1-2-190x114.jpg"},"widget-thumbnail":{"file":"7.9.2021-prochazka-Parky-v-Kutne-Hore-1-2-60x36.jpg","width":60,"height":36,"mime_type":"image\/jpeg","source_url":"https:\/\/www.klubduchodcukh.cz\/wp-content\/uploads\/2021\/09\/7.9.2021-prochazka-Parky-v-Kutne-Hore-1-2-60x36.jpg"},"feature-thumbnail":{"file":"7.9.2021-prochazka-Parky-v-Kutne-Hore-1-2-400x239.jpg","width":400,"height":239,"mime_type":"image\/jpeg","source_url":"https:\/\/www.klubduchodcukh.cz\/wp-content\/uploads\/2021\/09\/7.9.2021-prochazka-Parky-v-Kutne-Hore-1-2-400x239.jpg"},"full":{"file":"7.9.2021-prochazka-Parky-v-Kutne-Hore-1-2-scaled.jpg","width":2560,"height":1532,"mime_type":"image\/jpeg","source_url":"https:\/\/www.klubduchodcukh.cz\/wp-content\/uploads\/2021\/09\/7.9.2021-prochazka-Parky-v-Kutne-Hore-1-2-scaled.jpg"}},"image_meta":{"aperture":"8","credit":"","camera":"EX-ZS10","caption":"","created_timestamp":"1631025713","copyright":"","focal_length":"4.6","iso":"100","shutter_speed":"0.016666666666667","title":"","orientation":"1","keywords":[]},"original_image":"7.9.2021-prochazka-Parky-v-Kutne-Hore-1-2.jpg"},"post":6258,"source_url":"https:\/\/www.klubduchodcukh.cz\/wp-content\/uploads\/2021\/09\/7.9.2021-prochazka-Parky-v-Kutne-Hore-1-2-scaled.jpg","_links":{"self":[{"href":"https:\/\/www.klubduchodcukh.cz\/index.php?rest_route=\/wp\/v2\/media\/6259","targetHints":{"allow":["GET"]}}],"collection":[{"href":"https:\/\/www.klubduchodcukh.cz\/index.php?rest_route=\/wp\/v2\/media"}],"about":[{"href":"https:\/\/www.klubduchodcukh.cz\/index.php?rest_route=\/wp\/v2\/types\/attachment"}],"author":[{"embeddable":true,"href":"https:\/\/www.klubduchodcukh.cz\/index.php?rest_route=\/wp\/v2\/users\/1"}],"replies":[{"embeddable":true,"href":"https:\/\/www.klubduchodcukh.cz\/index.php?rest_route=%2Fwp%2Fv2%2Fcomments&post=6259"}]}}

7.9.2021 procházka Parky v Kutné Hoře 1 (2)
